{"id":1010,"date":"2021-11-09T23:01:44","date_gmt":"2021-11-09T23:01:44","guid":{"rendered":"https:\/\/ceu16.edu.mx\/educon\/?post_type=product&#038;p=1010"},"modified":"2023-11-28T22:31:14","modified_gmt":"2023-11-28T22:31:14","slug":"tablajeo","status":"publish","type":"product","link":"https:\/\/ceu16.edu.mx\/educon\/producto\/tablajeo\/","title":{"rendered":"\u201cTablajeo\u201d Por Carnicer\u00eda Islas"},"content":{"rendered":"<div class=\"et-l et-l--post\">\n\t\t\t<div class=\"et_builder_inner_content et_pb_gutters3\">\n\t\t<p><b>Acerca del docente:<\/b><\/p>\n<p>Carnicer\u00edas Islas, Empresa familiar fundada en 1953, a\u00f1o en el cual abre sus puertas con la Visi\u00f3n de Don Arturo Islas Morales, la cual desde entonces es otorgar la mejor calidad en carne, cortes finos y tambi\u00e9n facilitar la vida de las amas de casa de la entidad. Pionera en los servicios de carnicer\u00eda con valor agregado. En Islas desde sus inicios hemos trabajado con Honestidad y Calidad, motivo por el cual ha sido la carnicer\u00eda que por generaciones nos han preferido.<\/p>\n<p>Carnicer\u00eda Islas se ha reconocido por su \u00a8Tradici\u00f3n de Calidad\u00a8 en todos sus productos y servicios ofreciendo siempre la mejor calidad y el precio justo por sus productos 100% clasificados, innovaci\u00f3n y calidad, es por lo que se ha destacado ante sus clientes, mismo que abarcan ciudades desde Mexicali y su Valle hasta Ensenada, San Luis y Valle Imperial, entre otras.<\/p>\n<p>&nbsp;<\/p>\n\n\t\t<\/div><!-- .et_builder_inner_content -->\n\t<\/div><!-- .et-l -->\n\t","protected":false},"excerpt":{"rendered":"<p><b>MODALIDAD<\/b>: Presencial<\/p>\n<p>Viernes 19 DE Noviembre<br \/>\n4:00 pm a 7:00 pm<\/p>\n<p><b>Temario:<\/b><\/p>\n<p>T\u00e9cnicas de tablajeo y despiece.<\/p>\n<ul>\n<li aria-level=\"1\">Conocimientos y teor\u00eda los nombres de cada parte de la res.<\/li>\n<li aria-level=\"1\">Despiece de partes de la res delantera y trasera.<\/li>\n<\/ul>\n<p>&nbsp;<\/p>\n","protected":false},"featured_media":1011,"comment_status":"open","ping_status":"closed","template":"","meta":{"_et_pb_use_builder":"","_et_pb_old_content":"","_et_gb_content_width":"","spay_email":""},"_links":{"self":[{"href":"https:\/\/ceu16.edu.mx\/educon\/wp-json\/wp\/v2\/product\/1010"}],"collection":[{"href":"https:\/\/ceu16.edu.mx\/educon\/wp-json\/wp\/v2\/product"}],"about":[{"href":"https:\/\/ceu16.edu.mx\/educon\/wp-json\/wp\/v2\/types\/product"}],"replies":[{"embeddable":true,"href":"https:\/\/ceu16.edu.mx\/educon\/wp-json\/wp\/v2\/comments?post=1010"}],"wp:featuredmedia":[{"embeddable":true,"href":"https:\/\/ceu16.edu.mx\/educon\/wp-json\/wp\/v2\/media\/1011"}],"wp:attachment":[{"href":"https:\/\/ceu16.edu.mx\/educon\/wp-json\/wp\/v2\/media?parent=1010"}],"curies":[{"name":"wp","href":"https:\/\/api.w.org\/{rel}","templated":true}]}}