{"id":3137,"date":"2024-09-25T21:01:27","date_gmt":"2024-09-25T21:01:27","guid":{"rendered":"https:\/\/ceu16.edu.mx\/educon\/?post_type=product&#038;p=3137"},"modified":"2024-09-25T21:01:39","modified_gmt":"2024-09-25T21:01:39","slug":"tarta-calabaza","status":"publish","type":"product","link":"https:\/\/ceu16.edu.mx\/educon\/producto\/tarta-calabaza\/","title":{"rendered":"MASTER CLASS TARTA DE CALABAZA"},"content":{"rendered":"<div class=\"et-l et-l--post\">\n\t\t\t<div class=\"et_builder_inner_content et_pb_gutters3\">\n\t\t\n\t\t<\/div><!-- .et_builder_inner_content -->\n\t<\/div><!-- .et-l -->\n\t","protected":false},"excerpt":{"rendered":"<p><b>MODALIDAD<\/b><span style=\"font-weight: 400;\">: Presencial<\/span><\/p>\n<p><b>Fecha:<\/b><span style=\"font-weight: 400;\">\u00a0 S\u00c1BADO 12 OCTUBRE\u00a0<\/span><\/p>\n<p><b>Horario: <\/b><span style=\"font-weight: 400;\">8:00 am\u00a0 a 1:00 pm<\/span><\/p>\n<p><b>P\u00fablico en general: <\/b><span style=\"font-weight: 400;\">$450 m.n por ni\u00f1o\u00a0<\/span><\/p>\n<p><span style=\"font-weight: 400;\">.Edades de 6 a\u00f1os a 15 a\u00f1os en compa\u00f1\u00eda de 1 adulto si es menor de 12 a\u00f1os.<\/span><\/p>\n","protected":false},"featured_media":3138,"comment_status":"open","ping_status":"closed","template":"","meta":{"_et_pb_use_builder":"","_et_pb_old_content":"","_et_gb_content_width":"","spay_email":""},"_links":{"self":[{"href":"https:\/\/ceu16.edu.mx\/educon\/wp-json\/wp\/v2\/product\/3137"}],"collection":[{"href":"https:\/\/ceu16.edu.mx\/educon\/wp-json\/wp\/v2\/product"}],"about":[{"href":"https:\/\/ceu16.edu.mx\/educon\/wp-json\/wp\/v2\/types\/product"}],"replies":[{"embeddable":true,"href":"https:\/\/ceu16.edu.mx\/educon\/wp-json\/wp\/v2\/comments?post=3137"}],"wp:featuredmedia":[{"embeddable":true,"href":"https:\/\/ceu16.edu.mx\/educon\/wp-json\/wp\/v2\/media\/3138"}],"wp:attachment":[{"href":"https:\/\/ceu16.edu.mx\/educon\/wp-json\/wp\/v2\/media?parent=3137"}],"curies":[{"name":"wp","href":"https:\/\/api.w.org\/{rel}","templated":true}]}}