{"id":3362,"date":"2025-02-21T22:58:12","date_gmt":"2025-02-21T22:58:12","guid":{"rendered":"https:\/\/ceu16.edu.mx\/educon\/?post_type=product&#038;p=3362"},"modified":"2025-04-21T22:51:01","modified_gmt":"2025-04-21T22:51:01","slug":"impacta-cv","status":"publish","type":"product","link":"https:\/\/ceu16.edu.mx\/educon\/producto\/impacta-cv\/","title":{"rendered":"Taller especializado &#8211; Impacta con tu CV: Estrategias para Crear un Curr\u00edculum Ganador y Conquistar tu Entrevista Laboral"},"content":{"rendered":"<div class=\"et-l et-l--post\">\n\t\t\t<div class=\"et_builder_inner_content et_pb_gutters3\">\n\t\t\n\t\t<\/div><!-- .et_builder_inner_content -->\n\t<\/div><!-- .et-l -->\n\t","protected":false},"excerpt":{"rendered":"<p><strong>Modalidad:<\/strong><\/p>\n<p>Presencial<\/p>\n<p><strong>Sesiones los d\u00edas:<\/strong><\/p>\n<ul>\n<li>1 de marzo<\/li>\n<li>8 de marzo<\/li>\n<li>15 de marzo<\/li>\n<li>22 de marzo<\/li>\n<\/ul>\n<p><strong>Horario:<\/strong><\/p>\n<p>12:00 pm &#8211; 2:30 pm<\/p>\n<p><strong>Objetivo:<\/strong><\/p>\n<p>Brindar a los participantes las herramientas y conocimientos necesarios para elaborar un CV efectivo, estructurado y atractivo, que resalte sus habilidades y experiencias de manera profesional, aumentando sus oportunidades en el mercado laboral. Adem\u00e1s, proporcionarles estrategias y consejos pr\u00e1cticos para enfrentar una entrevista exitosa, mejorando su desempe\u00f1o y aumentando las posibilidades de ser seleccionados para el puesto deseado.<\/p>\n<p><strong>Incluye:<\/strong><\/p>\n<p><strong>Constancia con validez oficial<\/strong><\/p>\n<p>&nbsp;<\/p>\n<p>&nbsp;<\/p>\n","protected":false},"featured_media":3365,"comment_status":"open","ping_status":"closed","template":"","meta":{"_et_pb_use_builder":"","_et_pb_old_content":"","_et_gb_content_width":"","spay_email":""},"_links":{"self":[{"href":"https:\/\/ceu16.edu.mx\/educon\/wp-json\/wp\/v2\/product\/3362"}],"collection":[{"href":"https:\/\/ceu16.edu.mx\/educon\/wp-json\/wp\/v2\/product"}],"about":[{"href":"https:\/\/ceu16.edu.mx\/educon\/wp-json\/wp\/v2\/types\/product"}],"replies":[{"embeddable":true,"href":"https:\/\/ceu16.edu.mx\/educon\/wp-json\/wp\/v2\/comments?post=3362"}],"wp:featuredmedia":[{"embeddable":true,"href":"https:\/\/ceu16.edu.mx\/educon\/wp-json\/wp\/v2\/media\/3365"}],"wp:attachment":[{"href":"https:\/\/ceu16.edu.mx\/educon\/wp-json\/wp\/v2\/media?parent=3362"}],"curies":[{"name":"wp","href":"https:\/\/api.w.org\/{rel}","templated":true}]}}