{"id":3384,"date":"2025-03-07T00:01:55","date_gmt":"2025-03-07T00:01:55","guid":{"rendered":"https:\/\/ceu16.edu.mx\/educon\/?post_type=product&#038;p=3384"},"modified":"2026-02-28T03:26:13","modified_gmt":"2026-02-28T03:26:13","slug":"introduccion-electromovilidad","status":"publish","type":"product","link":"https:\/\/ceu16.edu.mx\/educon\/producto\/introduccion-electromovilidad\/","title":{"rendered":"Taller especializado &#8211; Introducci\u00f3n a la Electromovilidad"},"content":{"rendered":"<div class=\"et-l et-l--post\">\n\t\t\t<div class=\"et_builder_inner_content et_pb_gutters3\">\n\t\t\n\t\t<\/div><!-- .et_builder_inner_content -->\n\t<\/div><!-- .et-l -->\n\t","protected":false},"excerpt":{"rendered":"<p><strong>Modalidad: <\/strong><\/p>\n<p>Presencial<\/p>\n<p><strong>Horarios:<\/strong><\/p>\n<p><span style=\"font-weight: 400;\">lunes 2 de marzo<\/span> <span style=\"font-weight: 400;\">4pm &#8211; 6:30pm<\/span><\/p>\n<p><span style=\"font-weight: 400;\">lunes 9 de marzo<\/span> <span style=\"font-weight: 400;\">4pm &#8211; 6:30pm<\/span><\/p>\n<p><span style=\"font-weight: 400;\">lunes 23 de marzo<\/span> <span style=\"font-weight: 400;\">4pm &#8211; 6:30pm<\/span><\/p>\n<p><span style=\"font-weight: 400;\">lunes 6 de abril<\/span> <span style=\"font-weight: 400;\">4pm &#8211; 6:30pm<\/span><\/p>\n<p><strong>Objetivo:<\/strong><\/p>\n<p>Proveer al participante las herramientas b\u00e1sicas y conocimientos para el correcto mantenimiento de un veh\u00edculo el\u00e9ctrico.<\/p>\n<p><strong>Incluye:<\/strong><\/p>\n<p>Constancia con validez oficial.<\/p>\n","protected":false},"featured_media":4297,"comment_status":"open","ping_status":"closed","template":"","meta":{"_et_pb_use_builder":"","_et_pb_old_content":"","_et_gb_content_width":"","spay_email":""},"_links":{"self":[{"href":"https:\/\/ceu16.edu.mx\/educon\/wp-json\/wp\/v2\/product\/3384"}],"collection":[{"href":"https:\/\/ceu16.edu.mx\/educon\/wp-json\/wp\/v2\/product"}],"about":[{"href":"https:\/\/ceu16.edu.mx\/educon\/wp-json\/wp\/v2\/types\/product"}],"replies":[{"embeddable":true,"href":"https:\/\/ceu16.edu.mx\/educon\/wp-json\/wp\/v2\/comments?post=3384"}],"wp:featuredmedia":[{"embeddable":true,"href":"https:\/\/ceu16.edu.mx\/educon\/wp-json\/wp\/v2\/media\/4297"}],"wp:attachment":[{"href":"https:\/\/ceu16.edu.mx\/educon\/wp-json\/wp\/v2\/media?parent=3384"}],"curies":[{"name":"wp","href":"https:\/\/api.w.org\/{rel}","templated":true}]}}