{"id":3516,"date":"2025-05-16T21:41:51","date_gmt":"2025-05-16T21:41:51","guid":{"rendered":"https:\/\/ceu16.edu.mx\/educon\/?post_type=product&#038;p=3516"},"modified":"2026-02-06T21:54:28","modified_gmt":"2026-02-06T21:54:28","slug":"excel-intermedio","status":"publish","type":"product","link":"https:\/\/ceu16.edu.mx\/educon\/producto\/excel-intermedio\/","title":{"rendered":"Taller especializado &#8211; Excel Intermedio"},"content":{"rendered":"<div class=\"et-l et-l--post\">\n\t\t\t<div class=\"et_builder_inner_content et_pb_gutters3\">\n\t\t\n\t\t<\/div><!-- .et_builder_inner_content -->\n\t<\/div><!-- .et-l -->\n\t","protected":false},"excerpt":{"rendered":"<p><strong>Modalidad:<\/strong><\/p>\n<p>Presencial<\/p>\n<p><strong>Sesiones los d\u00edas:<\/strong><\/p>\n<p>lunes 9 marzo 5:00 pm &#8211; 9:00 pm<\/p>\n<p>mi\u00e9rcoles 11 marzo 5:00 pm &#8211; 9:00 pm<\/p>\n<p>s\u00e1bado 14 marzo 1:00 pm &#8211; 3:00 pm<\/p>\n<p><strong>Objetivo:<\/strong><\/p>\n<p>Capacitar a los participantes en el manejo de Excel nivel intermedio para optimizar procesos laborales mediante el dominio de herramientas como f\u00f3rmulas complejas, gesti\u00f3n eficiente de grandes vol\u00famenes de datos, automatizaci\u00f3n de tareas con macros b\u00e1sicas y creaci\u00f3n de informes din\u00e1micos y dashboards. El curso busca desarrollar habilidades pr\u00e1cticas que impulsen la productividad, reduzcan tiempos en actividades repetitivas y faciliten la toma de decisiones basada en an\u00e1lisis precisos, aplicando ejemplos reales para una implementaci\u00f3n inmediata en el \u00e1mbito profesional.<\/p>\n<p><strong>Incluye:<\/strong><\/p>\n<p>Constancia con validez oficial<\/p>\n","protected":false},"featured_media":4298,"comment_status":"open","ping_status":"closed","template":"","meta":{"_et_pb_use_builder":"","_et_pb_old_content":"","_et_gb_content_width":"","spay_email":""},"_links":{"self":[{"href":"https:\/\/ceu16.edu.mx\/educon\/wp-json\/wp\/v2\/product\/3516"}],"collection":[{"href":"https:\/\/ceu16.edu.mx\/educon\/wp-json\/wp\/v2\/product"}],"about":[{"href":"https:\/\/ceu16.edu.mx\/educon\/wp-json\/wp\/v2\/types\/product"}],"replies":[{"embeddable":true,"href":"https:\/\/ceu16.edu.mx\/educon\/wp-json\/wp\/v2\/comments?post=3516"}],"wp:featuredmedia":[{"embeddable":true,"href":"https:\/\/ceu16.edu.mx\/educon\/wp-json\/wp\/v2\/media\/4298"}],"wp:attachment":[{"href":"https:\/\/ceu16.edu.mx\/educon\/wp-json\/wp\/v2\/media?parent=3516"}],"curies":[{"name":"wp","href":"https:\/\/api.w.org\/{rel}","templated":true}]}}