{"id":4320,"date":"2026-02-10T23:54:29","date_gmt":"2026-02-10T23:54:29","guid":{"rendered":"https:\/\/ceu16.edu.mx\/educon\/?post_type=product&#038;p=4320"},"modified":"2026-02-10T23:54:30","modified_gmt":"2026-02-10T23:54:30","slug":"taller-especializado-soldadura-intermedia-gmaw-en-acero","status":"publish","type":"product","link":"https:\/\/ceu16.edu.mx\/educon\/producto\/taller-especializado-soldadura-intermedia-gmaw-en-acero\/","title":{"rendered":"Taller especializado &#8211; Soldadura intermedia GMAW en acero"},"content":{"rendered":"<div class=\"et-l et-l--post\">\n\t\t\t<div class=\"et_builder_inner_content et_pb_gutters3\">\n\t\t\n\t\t<\/div><!-- .et_builder_inner_content -->\n\t<\/div><!-- .et-l -->\n\t","protected":false},"excerpt":{"rendered":"<p><strong>Modalidad: <\/strong><\/p>\n<p>Presencial<\/p>\n<p><strong>Horarios:<\/strong><\/p>\n<ul>\n<li>martes 10 de marzo 5:00 pm a 10:00 pm<\/li>\n<li>jueves 12 de marzo 5:00 pm a 10:00 pm<\/li>\n<\/ul>\n<p><strong>Objetivo:<\/strong><\/p>\n<p>Que los participantes conozcan el proceso de soldadura de arco el\u00e9ctrico gtaw, as\u00ed como la configuraci\u00f3n de la m\u00e1quina de soldar.<\/p>\n<p><strong>Docente:<\/strong><\/p>\n<p>Yugomir M\u00e9ndez Sep\u00falveda<\/p>\n<p><strong>Incluye:<\/strong><\/p>\n<p>Constancia con validez oficial<\/p>\n","protected":false},"featured_media":4323,"comment_status":"open","ping_status":"closed","template":"","meta":{"_et_pb_use_builder":"","_et_pb_old_content":"","_et_gb_content_width":"","spay_email":""},"_links":{"self":[{"href":"https:\/\/ceu16.edu.mx\/educon\/wp-json\/wp\/v2\/product\/4320"}],"collection":[{"href":"https:\/\/ceu16.edu.mx\/educon\/wp-json\/wp\/v2\/product"}],"about":[{"href":"https:\/\/ceu16.edu.mx\/educon\/wp-json\/wp\/v2\/types\/product"}],"replies":[{"embeddable":true,"href":"https:\/\/ceu16.edu.mx\/educon\/wp-json\/wp\/v2\/comments?post=4320"}],"wp:featuredmedia":[{"embeddable":true,"href":"https:\/\/ceu16.edu.mx\/educon\/wp-json\/wp\/v2\/media\/4323"}],"wp:attachment":[{"href":"https:\/\/ceu16.edu.mx\/educon\/wp-json\/wp\/v2\/media?parent=4320"}],"curies":[{"name":"wp","href":"https:\/\/api.w.org\/{rel}","templated":true}]}}