{"id":4529,"date":"2026-04-06T23:53:44","date_gmt":"2026-04-06T23:53:44","guid":{"rendered":"https:\/\/ceu16.edu.mx\/educon\/?post_type=product&#038;p=4529"},"modified":"2026-04-06T23:56:38","modified_gmt":"2026-04-06T23:56:38","slug":"programa-de-profesionalizacion-uso-e-interpretacion-de-pruebas-psicometricas-en-procesos-de-seleccion","status":"publish","type":"product","link":"https:\/\/ceu16.edu.mx\/educon\/producto\/programa-de-profesionalizacion-uso-e-interpretacion-de-pruebas-psicometricas-en-procesos-de-seleccion\/","title":{"rendered":"Programa de Profesionalizaci\u00f3n Uso e Interpretaci\u00f3n de Pruebas Psicom\u00e9tricas en Procesos de Selecci\u00f3n"},"content":{"rendered":"<div class=\"et-l et-l--post\">\n\t\t\t<div class=\"et_builder_inner_content et_pb_gutters3\">\n\t\t\n\t\t<\/div><!-- .et_builder_inner_content -->\n\t<\/div><!-- .et-l -->\n\t","protected":false},"excerpt":{"rendered":"<p><b>Modalidad<\/b><span style=\"font-weight: 400;\">: Presencial<br \/>\n<\/span><b>Fecha i<\/b><b>nicio: <\/b><span style=\"font-weight: 400;\">25 de abril del 2026<br \/>\n<\/span><b>Fecha cierre:<\/b><span style=\"font-weight: 400;\"> 27 de junio del 2026<\/span><span style=\"font-weight: 400;\"><br \/>\n<\/span><span style=\"font-weight: 400;\"><strong>S\u00e1bados<\/strong> 8:00 a.m\u00a0 a 11:00 a.m<\/span><\/p>\n","protected":false},"featured_media":4530,"comment_status":"open","ping_status":"closed","template":"","meta":{"_et_pb_use_builder":"","_et_pb_old_content":"","_et_gb_content_width":"","spay_email":""},"_links":{"self":[{"href":"https:\/\/ceu16.edu.mx\/educon\/wp-json\/wp\/v2\/product\/4529"}],"collection":[{"href":"https:\/\/ceu16.edu.mx\/educon\/wp-json\/wp\/v2\/product"}],"about":[{"href":"https:\/\/ceu16.edu.mx\/educon\/wp-json\/wp\/v2\/types\/product"}],"replies":[{"embeddable":true,"href":"https:\/\/ceu16.edu.mx\/educon\/wp-json\/wp\/v2\/comments?post=4529"}],"wp:featuredmedia":[{"embeddable":true,"href":"https:\/\/ceu16.edu.mx\/educon\/wp-json\/wp\/v2\/media\/4530"}],"wp:attachment":[{"href":"https:\/\/ceu16.edu.mx\/educon\/wp-json\/wp\/v2\/media?parent=4529"}],"curies":[{"name":"wp","href":"https:\/\/api.w.org\/{rel}","templated":true}]}}